.
50
Calculate the greatest common divisor of 2180 and 20.
20
Calculate the greatest common divisor of 114 and 12.
6
Calculate the greatest common factor of 10 and 18.
2
Calculate the greatest common divisor of 20 and 268.
4
What is the greatest common factor of 4088 and 28?
28
What is the greatest common factor of 290 and 160?
10
What is the highest common divisor of 176 and 143?
11
Calculate the greatest common divisor of 12968 and 8.
8
What is the highest common factor of 536 and 8?
8
Calculate the highest common divisor of 275 and 110.
55
What is the highest common divisor of 414 and 90?
18
Calculate the greatest common factor of 168 and 1218.
42
Calculate the greatest common factor of 2315 and 20.
5
Calculate the greatest common factor of 672 and 36.
12
Calculate the greatest common factor of 527 and 119.
17
Calculate the highest common divisor of 339 and 4859.
113
What is the greatest common divisor of 6 and 66?
6
What is the greatest common factor of 1156 and 272?
68
What is the greatest common factor of 66 and 737?
11
Calculate the greatest common factor of 11 and 21.
1
What is the greatest common divisor of 35 and 1530?
5
Calculate the greatest common factor of 120 and 3840.
120
What is the highest common divisor of 15 and 15?
15
Calculate the greatest common factor of 1431 and 81.
27
What is the highest common factor of 6 and 270?
6
Calculate the highest common divisor of 86 and 473.
43
What is the highest common divisor of 658 and 28?
14
What is the highest common divisor of 18 and 4734?
18
Calculate the greatest common divisor of 51 and 3.
3
Calculate the greatest common factor of 64 and 5312.
64
What is the highest common factor of 586 and 8?
2
What is the greatest common factor of 703 and 19?
19
What is the highest common divisor of 6 and 39?
3
What is the greatest common divisor of 225 and 25?
25
What is the highest common divisor of 1771 and 4081?
77
What is the greatest common factor of 96 and 2616?
24
What is the greatest common divisor of 891 and 33?
33
What is the greatest common factor of 222 and 6?
6
What is the highest common divisor of 10754 and 38?
38
Calculate the greatest common divisor of 126 and 9002.
14
What is the highest common divisor of 530 and 310?
10
Calculate the greatest common factor of 108 and 36.
36
What is the highest common factor of 26 and 482?
2
What is the greatest common factor of 750 and 36?
6
Calculate the highest common divisor of 5 and 635.
5
What is the greatest common divisor of 93 and 29295?
93
What is the highest common factor of 144 and 3216?
48
What is the greatest common divisor of 407 and 121?
11
Calculate the greatest common factor of 16 and 52.
4
Calculate the highest common divisor of 190 and 6935.
95
Calculate the highest common factor of 96 and 12.
12
What is the highest common factor of 114 and 1634?
38
What is the highest common factor of 273 and 429?
39
What is the greatest common factor of 60 and 3460?
20
Calculate the greatest common factor of 16 and 196.
4
Calculate the greatest common divisor of 61 and 1.
1
What is the greatest common divisor of 24876 and 9?
9
Calculate the greatest common factor of 11 and 3564.
11
Calculate the greatest common divisor of 2416 and 16.
16
What is the greatest common divisor of 235 and 2068?
47
Calculate the highest common factor of 355 and 10.
5
What is the highest common factor of 50 and 2050?
50
What is the highest common factor of 1196 and 2944?
92
Calculate the greatest common factor of 192 and 696.
24
Calculate the highest common factor of 48 and 344.
8
Calculate the highest common factor of 6 and 726.
6
Calculate the highest common divisor of 980 and 40.
20
Calculate the greatest common factor of 42 and 58.
2
Calculate the highest common factor of 322 and 70.
14
Calculate the greatest common factor of 7 and 1428.
7
What is the highest common factor of 210 and 1830?
30
What is the highest common divisor of 24 and 208?
8
Calculate the highest common factor of 625 and 5.
5
Calculate the greatest common divisor of 18 and 314.
2
Calculate the highest common divisor of 88 and 40.
8
What is the highest common divisor of 13 and 949?
13
What is the greatest common divisor of 8 and 972?
4
Calculate the greatest common divisor of 945 and 3375.
135
What is the highest common divisor of 85 and 136?
17
Calculate the highest common factor of 75 and 675.
75
What is the greatest common divisor of 11150 and 20?
10
What is the greatest common factor of 1068 and 84?
12
What is the highest common factor of 132 and 3003?
33
What is the highest common divisor of 38 and 1634?
38
Calculate the greatest common divisor of 418 and 88.
22
What is the greatest common factor of 6 and 285?
3
Calculate the greatest common divisor of 148 and 185.
37
What is the highest common divisor of 650 and 559?
13
What is the highest common factor of 171 and 5529?
57
What is the greatest common factor of 9520 and 56?
56
What is the highest common factor of 258 and 645?
129
Calculate the highest common factor of 20 and 1940.
20
Calculate the highest common divisor of 54 and 2934.
18
What is the greatest common factor of 5605 and 190?
95
What is the highest common factor of 871 and 1340?
67
Calculate the highest common factor of 125 and 10.
5
What is the highest common factor of 600 and 2880?
120
What is the highest common factor of 96 and 18?
6
What is the greatest common factor of 837 and 8463?
93
What is the highest common divisor of 48 and 1176?
24
Calculate the highest common divisor of 6314 and 66.
22
What is the greatest common factor of 46 and 230?
46
Calculate the greatest common factor of 670 and 270.
10
Calculate the greatest common factor of 348 and 12.
12
Calculate the highest common factor of 4503 and 948.
237
Calculate the greatest common divisor of 2486 and 88.
22
Calculate the highest common divisor of 91 and 39.
13
What is the greatest common divisor of 2170 and 124?
62
What is the greatest common factor of 69 and 111?
3
Calculate the greatest common factor of 10 and 110.
10
What is the highest common factor of 15 and 185?
5
What is the highest common factor of 299 and 851?
23
Calculate the highest common divisor of 68 and 37.
1
What is the greatest common divisor of 304 and 12616?
152
Calculate the highest common factor of 7806 and 12.
6
Calculate the highest common factor of 1199 and 545.
109
Calculate the greatest common divisor of 10920 and 105.
105
Calculate the highest common factor of 1520 and 224.
16
What is the highest common factor of 660 and 60?
60
What is the greatest common factor of 115 and 276?
23
Calculate the highest common factor of 882 and 450.
18
Calculate the highest common factor of 490 and 6615.
245
What is the greatest common divisor of 8409 and 9?
3
Calculate the greatest common divisor of 22936 and 47.
47
Calculate the greatest common factor of 1554 and 30.
6
Calculate the greatest common factor of 33 and 11319.
33
Calculate the greatest common factor of 1178 and 114.
38
Calculate the greatest common factor of 171 and 18012.
57
What is the greatest common factor of 29 and 638?
29
Calculate the greatest common divisor of 424 and 159.
53
What is the highest common divisor of 78 and 12?
6
What is the highest common divisor of 189 and 54?
27
What is the greatest common factor of 200 and 17225?
25
Calculate the highest common factor of 1147 and 74.
37
Calculate the highest common divisor of 12 and 42.
6
What is the greatest common divisor of 2 and 11?
1
What is the highest common divisor of 51 and 3?
3
What is the greatest common factor of 56 and 749?
7
What is the highest common divisor of 5029 and 107?
107
Calculate the highest common divisor of 66 and 957.
33
What is the greatest common divisor of 918 and 1632?
102
Calculate the highest common divisor of 450 and 36.
18
Calculate the greatest common divisor of 21224 and 112.
56
Calculate the highest common divisor of 75 and 1695.
15
What is the greatest common factor of 1395 and 45?
45
What is the highest common divisor of 71 and 3621?
71
What is the greatest common factor of 72 and 48?
24
Calculate the highest common factor of 9823 and 22.
11
Calculate the highest common divisor of 1164 and 6.
6
What is the highest common divisor of 392 and 448?
56
Calculate the highest common divisor o